What is the highest common factor of 16 and w?
8
Let q(x) = -99*x - 5. Let m be q(-2). Suppose 5*l = -2*k - m + 472, 4*k - 3*l = 519. Calculate the highest common factor of 24 and k.
12
Suppose -21*g + 1169 = -5*g - 111. Calculate the greatest common factor of 464 and g.
16
Suppose -10*j - 47 = 383. Let i = 45 + j. Let g(n) = 8*n. Let t be g(1). Calculate the greatest common divisor of i and t.
2
Let b(p) = -5*p**2 - 82*p + 70. Let t be b(-15). Calculate the highest common divisor of 595 and t.
35
Let a(l) = -169*l - 674. Let b be a(-18). What is the greatest common factor of b and 185?
37
Let b be ((-54374)/((-14)/(-7)))/(0 - 1). Calculate the highest common divisor of 31 and b.
31
Let c(f) = -40*f + 320. Let a be c(5). Calculate the highest common divisor of a and 1065.
15
Suppose 0 = 30*x - 37587 - 10413. What is the greatest common factor of x and 464?
16
Suppose 83942 = 27*l + 82484. Calculate the greatest common factor of 1809 and l.
27
Let f = -13 - -18. Let h(b) = 9*b - 45. Let x be h(16). Let j = -89 + x. What is the greatest common factor of f and j?
5
Let j(x) = x**3 - 31*x**2 + 38*x - 78. Let r be j(30). Suppose -135*l = -137*l + r. Calculate the highest common factor of l and 108.
27
Suppose 5*q = -5*z + 90, -z - 23 = -3*q + 19. Calculate the highest common factor of q and 280.
5
Suppose -2 = -27*i + 129 + 139. Calculate the greatest common factor of 1930 and i.
10
Suppose -3*f - y = -13058, -3*y - 32 = -38. What is the greatest common divisor of f and 204?
68
Let c = 8 + -68. Let t be ((-120)/25)/(1 + 69/c). Let i = t - -23. Calculate the highest common divisor of i and 5.
5
Let k(f) = f**2 + 92*f - 1129. Let y be k(-103). Calculate the highest common divisor of y and 2124.
4
Suppose -h + 5*o = 3*o + 138, -5*h - 4*o = 648. Let q be (h/9)/(4/(-60)). What is the greatest common divisor of 22 and q?
22
Let p(c) = c**2 + 5*c - 40. Let n be p(5). Suppose -2400 - 3270 = -7*q. What is the greatest common factor of n and q?
10
Let w = -43 + 65. Let n be -1*2/(-6) - (-15925)/15. Suppose -7*l + 632 + n = 0. Calculate the highest common factor of l and w.
22
Suppose 2*k - 1161 + 696 = k. What is the greatest common factor of 45 and k?
15
Let y = 34 + -31. Suppose 2*m + l = 7 + 42, -87 = -y*m + 3*l. Suppose -m*a + 30*a - 168 = 0. Calculate the greatest common divisor of 6 and a.
6
Let o(p) = 66*p + 12. Let n be o(1). Suppose -n*i = -93*i + 1080. What is the highest common factor of 168 and i?
24
Let g = -2684 + 3831. Let c = -185 + g. Calculate the highest common divisor of 74 and c.
74
Let i = 82 - 77. Suppose t - 66 = 2*d + d, i*t = 4*d + 374. Calculate the greatest common factor of 104 and t.
26
Let v be (-1 + 0)*69/(-11) - (-456)/(-1672). Suppose -2*b - 42 = -3*b. Calculate the greatest common factor of b and v.
6
Suppose -3*y + 4*f + 20 = -541, -561 = -3*y - 3*f. What is the greatest common factor of 901 and y?
17
Let j(h) = 81*h**3 - 2*h**2 + h. Let t be j(1). Let b = t - 42. Suppose -3*v + 1254 = -0*v. What is the highest common factor of b and v?
38
Suppose 0 = -244*c + 246*c - 2*l - 64, 0 = 4*l + 8. Calculate the highest common factor of c and 2400.
30
Let n(y) = y**3 + 10*y**2 + 27*y + 102. Let b be n(-6). What is the highest common factor of 3108 and b?
84
Let a = 248 + -232. Let k(r) be the first derivative of r**4/2 - 11*r**3/3 + 3*r**2/2 + 8*r - 18. Let i be k(7). What is the greatest common factor of i and a?
16
Suppose 2555*j - 2549*j = 66. Calculate the greatest common factor of 275 and j.
11
Suppose -3*c - 154 = -28. Let n be (-34304)/(-14) + 12/c. Suppose -12*b = -2*b - n. What is the highest common divisor of b and 35?
35
Let z = -246 + 158. Let c be z/10 + -1 + (-8)/(-10). Let f(m) = -m**2 - 14*m - 28. Let g be f(c). What is the greatest common divisor of 51 and g?
17
Let x = 27 + -27. Suppose -3*u = -5*h - 0*h - 15, x = -h + 4*u + 14. Let m(d) = -2*d - 10. Let c be m(h). What is the highest common divisor of 4 and c?
2
Let s = 15 + -12. Let a be s/1*(-4)/(-4). Let f = -273 - -279. What is the highest common factor of f and a?
3
Suppose 2*r = -4*w - 0*w + 154, -w + 4 = 0. Let i be 164/3 + 1 - r/(-207). What is the greatest common factor of i and 64?
8
Suppose -25*i + 242073 - 22723 = 0. What is the highest common factor of 164 and i?
82
Suppose -14*u - 12*u + 53502 = -7286. Calculate the highest common divisor of u and 70.
14
Suppose 7484 = 57*d + 1727. Let v = -76 + d. What is the highest common divisor of v and 65?
5
Let c = 7364 + -5668. Calculate the highest common factor of c and 640.
32
Let l = 186 + -180. Let q be 816/l - (9 + -2). Calculate the highest common factor of q and 43.
43
Suppose -155*p + 153*p = -3*o - 27, -5*p = -4*o - 57. Calculate the greatest common factor of p and 93.
3
Suppose -2*r - 4*y + 18 = 0, -y = -5*r + 68 - 1. Let a(u) = u**3 - 11*u**2 - 16*u - 38. Let t be a(r). What is the greatest common divisor of 644 and t?
92
Suppose 75 + 305 = 5*m. Suppose 64 + m = -2*f. Let c = -18 - f. Calculate the highest common divisor of 26 and c.
26
Let s = -4985 + 5027. What is the greatest common divisor of 24 and s?
6
Let z = 205 + -185. Suppose 25*c - z*c + 2*i = 176, 3*c - 112 = 2*i. Calculate the greatest common divisor of 24 and c.
12
Suppose -3*o = -2*t - 312, 51*t + 522 = 5*o + 48*t. Calculate the greatest common factor of o and 1476.
36
Let p = -8550 + 10540. Calculate the greatest common factor of p and 10.
10
Suppose -6*u = -14*u + 24. Suppose 446 = u*q + 1151. Let x be (-6)/(1 + q/220). Calculate the highest common divisor of 11 and x.
11
Suppose 2 - 7 = 5*x, 4*w - 3*x = 27. Suppose w*g + 7 = 13*g. Let n be g/4*0 - -144. What is the greatest common factor of n and 18?
18
Suppose 3074 - 482 = -6*q. Let z = -411 - q. What is the highest common factor of z and 9?
3
Let r be 12/90 - 4/30. Suppose r = 5*b + 5*x + 825, -x + 8 = -5*x. Let l = -137 - b. What is the greatest common divisor of 65 and l?
13
Suppose 0 = 2*x - 4*t - 66, 0 = -0*x - x - 4*t + 33. Let i = x - 29. Let y(n) = n**2 - 3*n - 2. Let z be y(i). What is the greatest common factor of z and 3?
1
Suppose -100424 = -3*b + k, 5*b - 3*k + 12*k - 167288 = 0. What is the highest common factor of b and 64?
64
Let a(y) = 2*y**3 - 36*y**2 + 5*y - 58. Let j be a(18). Let h = j + 38. Calculate the greatest common divisor of h and 140.
70
Suppose 3*k + 3*s - 225 = 0, 4*k + 11*s - 8*s - 301 = 0. Suppose 112 = 4*i - 40. What is the greatest common factor of k and i?
38
Suppose 3*g = 15 + 6. Suppose 25 = -38*c + 33*c. Let h be c/15*g*-15. Calculate the greatest common factor of 5 and h.
5
Let s(y) = -y**2 - 14*y + 8. Let k be s(-14). Suppose -k*l - 1146 = -14*l. Suppose i - 41 = l. Calculate the greatest common divisor of i and 29.
29
Let k = 249 - 242. Suppose -38 = -k*m + 144. Calculate the greatest common divisor of m and 234.
26
Suppose -4*c + 63 - 885 = 2*h, -5*h = 5*c + 1015. Let k = 222 + c. Calculate the greatest common divisor of k and 826.
14
Suppose 3*p + 21*u - 20*u = 30913, -4*p + 41230 = -5*u. What is the highest common factor of 45 and p?
45
Suppose -12*q = 15 + 45. Let v be (-20)/6*(-18)/12. Let b be q/v + -3 + 16. What is the greatest common factor of 48 and b?
12
Let l(f) = -f**2 - 23*f + 3. Let b be l(0). Let i(p) = 7*p**2 + 17*p - 14. Let o be i(b). What is the highest common factor of o and 40?
20
Let f(b) = -b**3 + 16*b**2 - 7*b - 51. Let d be f(15). Suppose s - 38 = 4*i, -2*s + 9*i + d = 8*i. Calculate the greatest common factor of s and 119.
17
Suppose 7*g + 12*g - 368 - 487 = 0. Suppose -477 = -3*q - 72. Calculate the highest common factor of q and g.
45
Let h be ((-8)/(-10))/((-3)/(-195)). Let y be (h/13)/((-1)/(-3)). Let k be ((-16)/6)/(144/(-11016)). Calculate the highest common factor of y and k.
12
Suppose 9*q - 240 = -5*b + 7*q, 0 = b - 3*q - 48. Let u = 80 - b. Let n = 38 - u. Calculate the highest common factor of 3 and n.
3
Let z(s) = 19*s**2 + 325*s + 1734. Let n be z(-5). Let y be 33/4 + (-1)/4. What is the highest common factor of n and y?
8
Suppose 0 = -6*u - 17 + 41. Suppose u*k - 5 - 15 = 0. Suppose 2*g = k*d - 152, -2*g = -5*d - g + 151. What is the greatest common factor of 15 and d?
15
Let s be -1 + (-5)/(20/8). Let o be s - 12/(-3) - -120. Calculate the greatest common factor of 11 and o.
11
Suppose s + 7